*y + 12, -3*x = -3*y - 24. What is the remainder when (-178)/(-14) + (-8)/(-28) is divided by 20/x*(-6)/(-4)?
3
Let r = -13 - -24. Calculate the remainder when 42 is divided by r.
9
Let f = 2 - -10. Let a = -4 + f. Let p = -31 - -54. What is the remainder when p is divided by a?
7
Suppose -2*d + 151 = 43. Let a = d - 26. What is the remainder when a is divided by 15?
13
Let l be 9/(-6) + (-9)/(-2). Suppose -3*k - l*f + 110 = -43, 3*f - 6 = 0. What is the remainder when k is divided by ((-17)/2)/((-2)/4)?
15
Suppose 3*y - 6 = 0, 0 = -g - 0*y - y + 7. Suppose -2*m + 147 = g*f, -5*m = 5*f + 50 - 380. What is the remainder when m is divided by 16?
13
Let q(t) = 3*t - 6. Let y be (-24)/18*3/(-1). What is the remainder when 21 is divided by q(y)?
3
Let l be (8/(-4) - -6) + -2. Suppose -2*g = -5*z - 52, -l*z - 3*z - 68 = -3*g. Let d = 34 + -3. What is the remainder when d is divided by g?
15
Suppose 5*f - 28 = 5*y + 7, 3*y = 0. Let t(m) = 21*m**2 - 1. What is the remainder when t(-1) is divided by f?
6
Suppose -17*d + 18*d - 17 = 0. Calculate the remainder when 31 is divided by d.
14
Suppose -2*q - 4*a + 16 = 0, 3*a + a = -3*q + 34. What is the remainder when 33 is divided by q?
15
Suppose -4*y = 4*o + y - 22, -3*o = 5*y - 14. What is the remainder when (o/(-10))/(4/(-290)) is divided by 20?
18
Suppose -144 = -9*b - 3*b. Suppose -4*q + 15 = -5. Suppose -3*s - 4*k + 15 = -2*k, -q*s + 3*k + 44 = 0. What is the remainder when b is divided by s?
5
Let h(v) = -v**2 + 11*v - 9. Calculate the remainder when 54 is divided by h(4).
16
Let i(a) = -11*a**2 + 2*a + 2. Let c be i(-2). Let r = -30 - c. Calculate the remainder when (2/(-6) - 1)/((-4)/90) is divided by r.
14
Let a be 6*3/(9/2). Suppose 0 = -4*i + 12 + a. Let t = 35 - 29. What is the remainder when t is divided by i?
2
Suppose 5*s - 3*s - 94 = 0. Calculate the remainder when s is divided by 25.
22
Let y be 3/6 + 35/2. Suppose -2*u = u + x + 10, -y = u + 4*x. What is the remainder when (-3)/6*(u - 20) is divided by 6?
5
Let a = 43 - 14. Suppose 2*k = a + 107. Calculate the remainder when k is divided by 23.
22
Let r(g) = -103*g + 3. Let y be r(2). What is the remainder when (y - 1)/(-2) + 1 is divided by 35?
33
Let u(m) = m**3 + 8*m**2 + 6*m - 6. Calculate the remainder when u(-5) is divided by 10.
9
Let g = 33 + -17. Let x = -1 - -10. Calculate the remainder when g is divided by x.
7
Suppose -2*j + 36 = 152. Let s = -27 - j. What is the remainder when s is divided by 8?
7
Let s be (0 - (1 - 0)) + 2. Calculate the remainder when 18 - (0 + (2 - s)) is divided by 9 - (1 + (-4)/(-2)).
5
Suppose -8 = -4*q + 24. Calculate the remainder when 19 is divided by q.
3
What is the remainder when 63/2 + -2 - (-4)/(-8) is divided by 10?
9
Let j(v) = -v**3 - 11*v**2 + v + 20. What is the remainder when j(-11) is divided by (-2)/7 - (-90)/21?
1
Suppose -4*h - 2*x = 2*x, 3*h = -2*x + 1. Suppose 4 = y + h. Calculate the remainder when 7 is divided by y.
1
Suppose 0 = j + 3, 3*l = 8*l + 3*j - 346. What is the remainder when l is divided by 37?
34
Suppose 0 = -3*d + 4 + 8. Suppose d*a = -0*a + 16. Suppose -2*m - 17 + 6 = -5*p, 14 = 4*m + 2*p. What is the remainder when a is divided by m?
0
Let s(x) = -11*x + 5. Let n = -11 + 5. What is the remainder when s(n) is divided by 24?
23
Let n(w) = -w**3 - 17*w**2 - 20*w - 3. Calculate the remainder when n(-16) is divided by 16.
13
Suppose -102 + 2 = -5*q. Calculate the remainder when 38 is divided by q.
18
Suppose 3*y - 6*x + x = -5, 2*y - 5*x = -10. Let m(n) = n**2 + 6*n + 7. Suppose 3*k - k + 10 = 0. Calculate the remainder when y is divided by m(k).
1
Suppose -15 = -v + 16. Let q = 11 + 0. Calculate the remainder when v is divided by q.
9
What is the remainder when 11 is divided by (-1)/(2/(8*-1))?
3
Let s = 10 + -5. Suppose -v + 4 = -9. Calculate the remainder when v is divided by s.
3
Let w = -16 - -50. Calculate the remainder when 67 is divided by w.
33
Let v = -30 + 42. What is the remainder when (-4)/(-8)*11*4 is divided by v?
10
Suppose 2*o + o + 9 = 0. Let q(z) = -10*z + 2 - 7 + 1. Calculate the remainder when q(o) is divided by 9.
8
Let b = 146 - 140. What is the remainder when 2/(-7) + (-114)/(-7) is divided by b?
4
Suppose o + 14 = 46. Calculate the remainder when 94 is divided by o.
30
Suppose 4*f = -2*w - 0*f + 68, -50 = -w + 2*f. What is the remainder when w/4 + 9/18 is divided by 6?
5
Suppose 3*x - 2*p - 62 - 48 = 0, 5*x + 2*p - 210 = 0. Suppose 0 = 2*f - 4*f - 54. Let u = f + x. Calculate the remainder when 37 is divided by u.
11
Suppose m + 5 = 3. Let h = m - -2. Suppose i + 4 - 2 = 2*t, h = 3*t - i - 3. What is the remainder when 2 is divided by t?
0
Let b = 34 - 3. What is the remainder when 60 is divided by b?
29
Suppose -6 = -4*n + 30. Suppose -2*h = i - 7, i + 4*i = 3*h - 43. Calculate the remainder when n is divided by h.
3
Suppose -25 + 23 = -c. Calculate the remainder when 24 is divided by c.
0
Suppose 7*f + 2 = 8*f. Suppose 12 = 5*j - 2*j. Calculate the remainder when j is divided by f.
0
Let x(k) = 3*k + 1. Let j(a) = a. Let r(l) = -5*j(l) + x(l). Let v be 2*-2 - (9 - 6). Calculate the remainder when r(v) is divided by 6.
3
Let l(z) = 0 - z**2 + 6*z + 0*z**2 - 3 + 0*z**2. Calculate the remainder when 11 is divided by l(3).
5
Suppose 0 = -5*t - 19 + 84. Calculate the remainder when 38 is divided by t.
12
Let s(o) = o**2 + 5*o + 3. Let r be s(-5). Suppose -8 = -r*p + 22. What is the remainder when 19 is divided by p?
9
Let g = -13 - -41. Suppose -16 = -2*w + 4*q, -3*w + 0*w + g = -5*q. Let n = 22 + -16. What is the remainder when w is divided by n?
4
Let c(t) = t**3 + 3*t**2 - 11*t - 10. Calculate the remainder when 46 is divided by c(-4).
10
Let b(u) = u**2 - 8*u - 14. Let o be b(10). What is the remainder when ((-4)/o)/(10/(-435)) is divided by 8?
5
Suppose -16*s = -74 - 598. What is the remainder when s is divided by 11?
9
Calculate the remainder when 49 is divided by 4/(-30) - (-317)/15.
7
Suppose 0 = 5*b - 0*b - 70. What is the remainder when 39 is divided by b?
11
Let b = 56 + -26. Calculate the remainder when b is divided by 17.
13
Let g = -93 + 136. Calculate the remainder when g is divided by 23.
20
Suppose -4*t - 4*a - a = -341, 4*t - a - 311 = 0. What is the remainder when t is divided by 21?
16
Suppose 4*u - 91 = -3*w, 2*u = 2*w - 34 - 50. What is the remainder when w is divided by (-1 - (0 - -1)) + 21?
18
Let z = 90 - 84. Suppose 4*o + o = 0. Suppose -2*v - p + 34 = o, -5*v + p + 85 = -0*v. What is the remainder when v is divided by z?
5
Suppose 65 = 5*f - 125. What is the remainder when f is divided by 8?
6
What is the remainder when 18 is divided by (-10)/(-45) - 88/(-9)?
8
Let o(v) = 15*v - 4. What is the remainder when 53 is divided by o(1)?
9
Let j = 7 + -2. Suppose -61 - 84 = -j*t. Suppose 0 = -2*r + 4*d, -r + d - 25 = -3*r. What is the remainder when t is divided by r?
9
Suppose -24 = -3*s + 12. Let b be (-618)/(-1) + 2*-1. Calculate the remainder when (-2)/9 - b/(-18) is divided by s.
10
Let y(b) = -b + 39. What is the remainder when y(0) is divided by 10?
9
What is the remainder when (148/(-12))/(2/(-6)) is divided by 13?
11
Suppose 124 = 4*w - 4*z, 5*w + 75 = -5*z + 210. Calculate the remainder when w is divided by 0/(-2) + 1*10.
9
Let x(v) be the third derivative of v**4/2 - v**3/2 - 6*v**2. Calculate the remainder when x(4) is divided by 24.
21
Let m(v) = -13*v - 5. What is the remainder when m(-4) is divided by ((-4)/28)/((-4)/476)?
13
Suppose -160 = m - 6*m. What is the remainder when 43 is divided by 20*4/(m/6)?
13
Suppose -s = -3*s. Let b = s - 3. Calculate the remainder when (-2 - -140)*(-1)/b is divided by 12.
10
Suppose -l + 6 = 2*l. Let c be (-49)/(-5) - l/(-10). Let s = c + 0. Calculate the remainder when 18 is divided by s.
8
Let c = 7 + 19. Let i be (-18)/12*40/6. Let o = c + i. Calculate the remainder when 46 is divided by o.
14
Suppose 3*r = 68 - 2. What is the remainder when 109 is divided by r?
21
Suppose -3*k - 156 = -7*k. What is the remainder when k is divided by 14?
11
Let i be (-2 - 1) + (-10)/(-2). Calculate the remainder when 18 is divided by i*(-33)/(-6) + -1.
8
Let y(q) be the second derivative of q**4/6 + q**3/3 + 6*q. Calculate the remainder when 71 is divided by y(-4).
23
Let u = 9 - -1. Suppose